4*m**3 + 4*m - 3. Suppose -24*o + 17 = -7*o. Determine s(o).
-3
Let v(u) = 115*u + 3*u**2 + u**3 - 8 - 121*u + 2. Suppose 4*a = 3 + 5. Suppose 0 = -3*m - 3*k - 18, 6*k + 8 = a*k. Determine v(m).
2
Let j(x) be the second derivative of x**5/20 + x**4/6 - x**3/2 - 13*x. Let p be j(2). Suppose 10 = 4*b - p. Let n(l) = 2*l - 4. Determine n(b).
6
Suppose 1 - 8 = -q. Suppose 12 = v - q. Let p = 20 - v. Let h(b) = -12*b - 1. What is h(p)?
-13
Let g(y) = -2 + y**3 + 63*y - 122*y + 6*y**2 + 65*y. What is g(-5)?
-7
Let x(c) = -c**2 - 4*c + 7. Let k = -752 - -747. What is x(k)?
2
Let f(c) = -2*c**2 - 7*c**2 + 11*c - 2*c**2 + 0*c + 2*c**2 + 14 - c**3. What is f(-10)?
4
Let x(p) = p**3 - 3*p**2 - 4*p - 2. Let u be x(4). Let z = u - 1. Let y(a) be the third derivative of -a**6/120 - a**5/20 + a**4/12 + 5*a**2. What is y(z)?
-6
Let o = 174 + -170. Let t(c) = -c - 1. What is t(o)?
-5
Let i(s) be the first derivative of s**3/3 - 2*s**2 + 6*s - 17. Let b = -31 - -35. Calculate i(b).
6
Let j be 306/255 - (-1)/(-5). Let r(a) = 10*a**3 - a + 1. Give r(j).
10
Let n = 63 - 44. Let y(v) = n*v + 0 - 20*v + 2. What is y(2)?
0
Let n(v) = 12*v + 70. Let l be n(-6). Let h(d) be the third derivative of -d**6/120 - d**5/60 + d**4/12 - d**3/6 + 4*d**2. Give h(l).
-1
Let m = -12 - -25. Let j(z) = z + m - 13. Suppose 0 = -3*o + 4*k - 14, 5*o - 3*k + 8 = -8. What is j(o)?
-2
Let k(d) be the second derivative of d**4/12 + d**3 + 2*d**2 + 2*d - 38. Determine k(-6).
4
Suppose -24*b + 40*b = 64. Let o(t) = t**3 - 3*t**2 - t - 4. What is o(b)?
8
Let z(s) be the third derivative of -s**6/120 - s**5/5 - s**4/2 - 8*s**3/3 - s**2. Let t(w) = 184*w + 2013. Let r be t(-11). Determine z(r).
-5
Let w be ((-6)/(-5))/((-12)/(-450)). Let s(d) = 18 - w - d + 20 + 2*d. Determine s(8).
1
Let s = -26 + 47. Let z = s - 20. Let n(w) = -4*w**2 + 0 + 4*w - 2*w + 2 - 3. Calculate n(z).
-3
Let k(o) = -o**3 - 3*o**2 + 5*o + 4. Let y(m) be the first derivative of m**2/2 + 5*m + 3. Let a be y(-4). Let x be -1 - (a - 4/(-2)). Give k(x).
0
Let x(m) = -4*m**3 + 2*m**2 + 4*m + 10. Let z(c) = -5*c**3 + 3*c**2 + 5*c + 9. Suppose 0 = -2*a + 3*a - 4. Let r(v) = a*x(v) - 3*z(v). Determine r(0).
13
Let t = 30 + -32. Let x(q) = -17 + 17 + 18*q - 9*q. Give x(t).
-18
Let l(d) = d + 4. Let b(k) = 2*k - 4. Let y be b(6). Let h be (0 - 1)*(y - 5). Determine l(h).
1
Suppose -11 = -a - 5*t + 7, t + 22 = 3*a. Let f be (-2)/a + 3 + (-57)/12. Let y(l) = 3*l**3 + 2*l**2 + l + 1. What is y(f)?
-17
Let r(z) be the first derivative of -5*z**2/2 - 16*z + 401. Give r(-6).
14
Let r(j) = -j**2 + 4*j - 13. Let y(i) = -5*i**2 + 17*i - 54. Let q(m) = 9*r(m) - 2*y(m). Determine q(-5).
6
Let t(b) = -b**3 - 5*b**2 - b - 7. Suppose 3*k = 4*g - 14, 5*k - 4*g + 5 = -5. Let o be ((-5)/(15/12))/k - 3. Determine t(o).
-2
Suppose -37 = -23*x - 60. Let g(s) = -15*s - 1. What is g(x)?
14
Suppose -96 = -2*o - 14*o. Let a(j) = j**3 - 8*j**2 + 9*j + 11. What is a(o)?
-7
Let z(g) be the first derivative of g**4/4 + 5*g**3/3 - 3*g**2/2 - 3*g + 391. Determine z(-6).
-21
Let b(p) = -p + 6. Let a be 1*3/6*-2. Let j be (a - -18)/(0 - -1). Let s = j + -11. Calculate b(s).
0
Let f(i) be the second derivative of i**8/6720 + i**7/420 + i**6/120 + i**5/24 + i**4 - 2*i. Let a(y) be the third derivative of f(y). Give a(-5).
0
Let s(q) = -q + 4. Let i(d) = -2*d + 11. Let o(c) = 6*i(c) - 17*s(c). Suppose -15*y + 7*y - 16 = 0. Calculate o(y).
-12
Let h(z) be the second derivative of z**3/6 - z**2 - 5*z. Suppose 0 = 23*b - 27*b + 16. Give h(b).
2
Let k(m) = -m**2 - 147*m - 146*m - 145*m + 428*m + 20 - 8. Calculate k(-10).
12
Let t(y) be the first derivative of -2*y**3/3 + 5. Suppose 4*z - 4 = 4*o, -3*z + o = -3*o - 3. What is t(z)?
-2
Suppose -3*f = 3*v + 9, -3*v + 3 = -v + 5*f. Let k(p) be the first derivative of -38*p + 46*p + 0 - 4 + 2*p**2. Determine k(v).
-16
Let j(f) = -2*f. Suppose -114*v + 25 = -109*v. Suppose 2*y - 24 = 4*y - 5*t, 3*t = -y - 1. Let k = v + y. Calculate j(k).
4
Let d(l) be the first derivative of 1/3*l**3 - 4 - 2*l - 5/2*l**2. Determine d(4).
-6
Let d(q) = -2*q**2 + 18*q + 5. Let k be d(9). Let b(y) = y + 12. Let a(v) = v + 1. Let j(h) = -2*a(h) + b(h). Give j(k).
5
Let b(i) = i**3 + i**2 + i - 3. Suppose 12*k = 7*k. What is b(k)?
-3
Suppose -5*a + 5*q + 155 = 0, -2*q + 43 = -5*a + 204. Suppose a*y - 32*y = 6. Let v(o) = -o**3 + 7*o**2 - 8*o - 5. What is v(y)?
-17
Let f(y) = -y**3 - 4*y**2 + 8*y + 6. Let h be (-34)/(-10) + 15/25. Suppose -h*q - 64 = 4*p, 5 = -q + 3. Let u be (-351)/63 - 8/p. Determine f(u).
-9
Let y(o) = -5*o + 7. Let k(d) = -4 - 2 - 3*d + 5 + 2*d. Let a(q) = -4*k(q) + y(q). What is a(0)?
11
Let v(a) = a. Let k be (-4 - -18) + (-5 - -2). Let w = -9 + k. Let b = -5 + w. What is v(b)?
-3
Let o(i) be the third derivative of i**6/120 + 7*i**5/60 - 7*i**4/24 - 4*i**3/3 + 136*i**2. Determine o(-8).
-16
Let g(h) = h**2 + 6*h - 8. Let b(p) be the first derivative of 2*p**3 + 15*p**2 - 41*p + 1. Let d(f) = -2*b(f) + 11*g(f). Let x = 1158 + -1153. Give d(x).
-1
Suppose 0 = 2*j + 3*j - 5. Let f(v) = -j + 11*v**2 - 3 - 10*v**2 - 5*v. Determine f(6).
2
Let r(p) = 15 + 5*p + 43*p**2 + 64*p**2 - 106*p**2. Give r(-7).
29
Let v(u) = -366*u + 6 + 184*u + 183*u. Let p = -46 + 41. Determine v(p).
1
Let i(j) = j**3 - 4*j**2 - 2*j + 6. Let f = -10 - -5. Let y(r) = r**2 + 3*r - 6. Let m be y(f). Let v be i(m). Let d(o) = 4*o - 2. Calculate d(v).
-10
Let t(m) = 9*m - 8. Let h(l) = -8*l + 7. Let i(d) = -7*h(d) - 6*t(d). Suppose 0 = 6*q + 2*q - 424. Let j = 56 - q. Give i(j).
5
Let m = 5 - 5. Let n(k) = 3 + k + 1 + 2 + 4 - 9. What is n(m)?
1
Let d(n) be the second derivative of n**4/12 - n**3/6 + n**2/2 + 355*n. Calculate d(2).
3
Let l be -6*((-6)/(-2))/3. Let h(f) = 4*f + 11. Let k(a) = -a**2 + 12*a + 14. Let i be k(13). Let g(n) = n + 1. Let r(w) = i*h(w) - 3*g(w). What is r(l)?
2
Let s = -207 - -189. Let u(l) = -2*l - 30. What is u(s)?
6
Suppose 5*u = 1 + 14. Suppose w + 12 = u*w. Let i(s) = s**2 - 7*s - 2. What is i(w)?
-8
Suppose -392*u = -383*u + 36. Let q(r) = -2*r - 11. Calculate q(u).
-3
Suppose 18 = 5*b - 17. Suppose 4*w - 9 = a + b, -4*a - 4 = -w. Let p(v) = -2*v**2 + 2*v**2 - 14 + 13*v**3 - 14*v**3. Calculate p(a).
-14
Let w be ((-8)/(-24))/((-1)/(-15)). Let q(b) = 5 - w*b - 2 - 3. Give q(-1).
5
Let f(z) = 7*z + 1. Suppose 3*q + 4 = 7. Let a be (q/(-1) + 2)/(-1). Let h be f(a). Let y(v) = v**3 + 6*v**2 + v + 8. Give y(h).
2
Let n(o) = -o - 2. Let i(z) = -z**2 - z - 9. Let h(y) = -i(y) + 5*n(y). Calculate h(7).
20
Let v(a) = 3 + a**3 + 2 + 2*a + 0 - 3*a**2 - 3*a**2. Calculate v(5).
-10
Let d(o) = o + 19. Let g be d(-17). Let z(j) = -2*j**2 - 4 - 8*j**2 + j + 4*j**2 + j. Let t(c) = -7*c**2 + 2*c - 5. Let m(u) = -4*t(u) + 5*z(u). Give m(g).
-4
Let r(j) = -3*j**2 + 4*j + 2. Let d be r(1). Suppose -13 - 3 = -5*c - u, -4*c + 4*u = -32. Let m(k) = 2 + 3 - c*k - 3. Determine m(d).
-10
Let i(o) = -38 + 18 - 1 + 18 + 7*o. Suppose 1 = 3*n + 4. Let y be (-18)/(-8) + n/4. Give i(y).
11
Let j(v) = -2*v**3 - 3*v**2 - 2*v - 1. Let z be 24/(-3) - (-1 + 2). Let o be 1/(-3) - (-105)/z. Let p = o - -10. What is j(p)?
7
Let c = -6 - -4. Let w(s) = 3*s + 6. Let a(j) = -2*j - 5. Let r be (-4)/(-6)*168/(-16). Let l(v) = r*a(v) - 6*w(v). Calculate l(c).
7
Let d(w) = -17*w**2 + 2 + 21*w**2 - w - 3*w**3 + 0*w + 2*w**3 + 5*w. Let j be 38/8 + 3/12. Give d(j).
-3
Let o = 14 - 21. Let j(u) = 5*u**2 - 8*u - 9. Let f(q) = 1. Let c(b) = b**2 - 4. Let z(a) = c(a) + 4*f(a). Let k(m) = j(m) - 6*z(m). What is k(o)?
-2
Let n(i) = 4 + i - 3*i - 4 - i**2 - 2. Suppose 4*a - 13 = 23. Let h = -11 + a. Determine n(h).
-2
Let o(t) = t**3 + t**2 - 3*t - 2. Suppose 3*g = 1 - 7. Let c be o(g). Let z(s) = -2 + 59*s + c - 62*s. Calculate z(-4).
10
Let d(l) be the third derivative of 2*l**2 + 0*l + 1/60*l**5 + 1/8*l**4 - 1/3*l**3 + 0. Let v(x) = -x. Let b be v(-2). Give d(b).
8
Let h(y) = -y - 1. Suppose -4*z + 99 = -65. Suppose 0 = 5*k + 39 + z. Let n be 24/k + 11/2. Calculate h(n).
-5
Let v(u) = -3*u**2 + 321 + u + u**3 - 641 + 319. What is v(2)?
-3
Let d(h) = -13*h**2 - 24*h**2 + 1 + 30*h - 2 - 31*h. Give d(-1).
-37
Let q(w) = -6 - 3*w + 5 + 18*w**2 + 3 - 17*w**2 + 3. What is q(2)?
3
Suppose 13*x = -b + 9*x - 17, 5*b - 4*x = 35. Let m(y) be the first derivative of 6*y + 2*y**2 - 2 - 1/